2. Suppose v*z - 1514 + 616 = 0. Is z prime?
True
Suppose 41553 + 18802 = 5*j. Is j composite?
False
Let f(y) = -3*y**2 - 14*y + 1. Let h(x) = 2*x**2 + 15*x - 1. Let d(q) = -4*f(q) - 3*h(q). Is d(-8) a prime number?
False
Is 6/45 - (-350128)/240 a prime number?
True
Let l be (-4)/(-10)*(2 - 87). Is l*(-6 - -1 - (-2)/(-4)) prime?
False
Let f(q) = -527 + q**2 - 27*q + 0*q**2 + 611. Is f(26) composite?
True
Let v = 408 - -250. Suppose 62 = -2*a + v. Is a prime?
False
Let j = 19 + -17. Let m(q) = 19*q**3 - q + 4*q - 2*q - 3*q**2 + q**2 + 3. Is m(j) prime?
True
Suppose -x - 5*q + 4 = 0, 1 - 27 = -3*x - q. Suppose d + d - 3*c + 5 = 0, -5*c + 15 = 0. Suppose d*s = -0*s - 4*u + 298, 3*u = -x. Is s composite?
True
Let x = 2 - -1. Suppose -11 = -5*t + x*i - 4, -2*t + 5 = i. Suppose 4*q + 25 = c + 7, t*c - 4*q = 28. Is c prime?
False
Let s = -56 + 61. Suppose s*m - 11*m = -4926. Is m a prime number?
True
Let y = -61052 - -127654. Is y a composite number?
True
Suppose -3*u + 5*r + 1 = -10, -7 = -4*u - r. Is -2*u/10 - (-2474)/10 a prime number?
False
Suppose -2345*z + 2348*z = 36003. Is z a composite number?
True
Suppose 38 = -k - 2*k - 5*q, 3*k + 14 = q. Is 7110/4 + (-1 - 15/k) a prime number?
False
Suppose c + 0*c = 3. Suppose -c*t + 10 = 2*t. Suppose -5*y + 242 = -t*a + 659, -4*a + 841 = -3*y. Is a a prime number?
True
Let q be 16/(-28) - (-12)/21. Suppose 3755 = 5*o + s + 4*s, 4*o - s - 3024 = q. Is o prime?
False
Suppose 0 = 5*v - 4*v - 9. Let x(f) = 8*f + 8 + 0*f**3 + 8*f**3 + 9*f**3 + 20*f**2 - 18*f**3. Is x(v) a composite number?
False
Suppose 0 = -2*v + 2*i + 48, -93 = -5*v - 0*v - 4*i. Let u be 6/v - 2/7. Suppose u = z - 134 - 9. Is z a composite number?
True
Let p = 54 + -51. Is ((-28)/(-4) - p) + 1741 prime?
False
Let o be (-82248)/(-30) - (-2)/5. Suppose -b = -m - 2, 0 = 4*b + m - 1 + 3. Suppose b = 4*c + 2*c - o. Is c a prime number?
True
Let o be 81 - 0*1/2. Suppose 5*t + 4 + o = 0. Is 1 - ((-1)/1 + t) a composite number?
False
Suppose 3*r + 58 = 880. Let m = r - -19. Is m a composite number?
False
Suppose -13*t - 200 = -9*t. Let a = t + 97. Is a composite?
False
Let q(o) = 2*o**3 - 5*o**2 + 5*o - 1. Let h = 17 - 7. Let c(l) = l - 5. Let y be c(h). Is q(y) a prime number?
True
Suppose -2*x + 4*p - 12 = -x, 15 = 5*x + 5*p. Suppose 4*y - 953 = -5*m, x*y = 4*m + 5*y - 766. Suppose 4*f = 6*u - u + m, 0 = 2*u + 2. Is f a prime number?
False
Is 4/((-16)/12) - 312390/(-13) prime?
False
Let o(y) = -9*y**3 + 2*y**2 + 6*y + 3. Let z be (-4 + 5)/(1/(-4)). Is o(z) a prime number?
True
Suppose -8*z = -4*z + 4, 5*z = -5*f + 87360. Is f prime?
False
Let m(v) = -v**3 - 17*v**2 + 31*v - 23. Let g be m(-19). Is (-9781)/(-11) + (-20)/g a composite number?
True
Is 19242/108 + (-1)/(-12)*10 a prime number?
True
Let p(y) = 12*y - 20 + 3*y**2 - 7*y**2 + 9*y**2. Is p(21) composite?
False
Let b be 2/5 - (-65)/25. Suppose -b*m + m + 11 = 3*z, 5*z = 5*m - 15. Is ((-2792)/16)/(z/(-10)) a composite number?
True
Suppose -2*a - 3*o = -3*a + 862, -a = -2*o - 863. Is a prime?
False
Let x = 83478 - -13091. Is x a composite number?
True
Let f be ((-15)/10)/((-3)/4). Suppose f*t = 396 + 70. Is t a composite number?
False
Let u = -45972 + 88523. Is u a prime number?
False
Let i = 2 - -2. Let r(h) = 29*h + 33. Is r(i) composite?
False
Is (79231/(-3) - 7)/((-4)/3) a prime number?
True
Let v = 5505 + -1876. Is v prime?
False
Is ((3 + -8)/10)/(1/(-2524)) a composite number?
True
Let a = 118 + -106. Suppose a*c - 11216 = 4*c. Is c a prime number?
False
Suppose 3412 = -4*i + 3*g + g, -3*g = 15. Let t = 4768 + -3353. Let q = i + t. Is q prime?
True
Let a be ((-7)/14)/((-1)/(-2)). Is (-54)/a + (-7 - -6) a prime number?
True
Let y be (-2 - -2)/4 - 299. Let c = -172 - y. Is c a prime number?
True
Suppose 3*g + 2839 - 25834 = 4*c, 5*g + 4*c - 38357 = 0. Is g prime?
True
Let c = -1 - -4. Suppose -7*p = -c*p. Suppose 0 = 3*z - p*z + 4*k - 1121, -1504 = -4*z - 3*k. Is z a prime number?
True
Suppose 2*f - 4*u - 868 = 0, -5*f - 5*u + 1698 = -442. Suppose 5*k - f = 1805. Is k a prime number?
False
Is (3/9)/((-2)/(-73938)) composite?
False
Suppose 0 = -2*d + 3*v + 20477, 21*v = -4*d + 22*v + 40969. Is d prime?
True
Suppose 63*y - 60*y + 3*g = 68568, -2*y + 45697 = -3*g. Is y prime?
True
Suppose 3*l + 51977 = z + 2191, 5*z - 4*l = 248919. Is z composite?
False
Suppose 3*i - 4245 = -3*d, 3*i + 393 = -4*d + 6051. Suppose b - 5*q = -279, -4*b + 4*q + 377 = d. Is (6/(-12))/(1/b) composite?
False
Let u = 31884 - 17515. Is u a prime number?
True
Suppose 0 = 4*l + 8, -2*y - 3*l = -6*l - 16720. Suppose y = 4*m + 3037. Suppose 5*q = m + 135. Is q a composite number?
False
Suppose 5 = -3*t + 3*h - h, -5*t - 4 = h. Let q(u) = 670*u**2 + 2*u + 1. Let l be q(t). Suppose -l = -3*f - 4*i, 0 = 3*f - 3*i - 774 + 105. Is f prime?
True
Let g = 18911 + -10348. Is g prime?
True
Let h(t) = 836*t - 69. Is h(5) a composite number?
False
Suppose 5*u - 15 = 25. Let c = u - 6. Suppose 116 = c*o - 42. Is o composite?
False
Let s be 1 - 4 - 0 - -7. Is 482 - (s + -4 - 3) a composite number?
True
Suppose -4*s = -2*r - 564, -3*s = s - 4*r - 560. Is s a composite number?
True
Let t(h) = -52*h + 34. Let v be t(17). Let o = 2371 - v. Is o composite?
False
Suppose -11*z - 10*z = 2898. Let y(w) = 66*w - 7. Let b be y(-7). Let h = z - b. Is h a composite number?
False
Let c(d) = 4*d**2 - 124*d - 197. Is c(57) a prime number?
False
Let d = 84 - 80. Suppose 3*n + n = 8. Suppose 4*m - 968 = -n*h - 3*h, 5*m - d*h = 1251. Is m composite?
True
Let i(k) be the first derivative of 18*k**3 + 7*k**2/2 + 10*k + 28. Is i(-9) a prime number?
False
Suppose 5 = 5*y - 4*m - 3, m - 3 = 0. Suppose -y*g - h = -7035, -5*h = 3*g - 0*h - 5272. Is g prime?
True
Suppose 0 = o - 391 + 991. Let c = o + 941. Is c composite?
True
Suppose -4*b + 1809 = u, -5*u + 2432 + 6562 = 3*b. Let h = u - 1096. Is h a composite number?
False
Suppose -31*x - 58570 = -454657. Is x composite?
True
Let a(q) be the second derivative of -53*q**3/6 + 17*q**2/2 - 32*q. Is a(-6) a composite number?
True
Let t(r) = 2*r**2 - 2*r. Let a = -7 + 9. Let c be t(a). Suppose -3*s + s = 0, -c*z + 3*s = -556. Is z a composite number?
False
Let o be 646 + (3 + 4 - 4). Suppose o = 3*n - 818. Is n composite?
True
Let y(u) = -8*u**3 - u - 6. Let p(d) = -2*d - 13. Let s be p(-6). Let z be 3/(-3 - -4)*s. Is y(z) a prime number?
False
Let v(x) = x**2 + 19*x - 32. Let t be v(-30). Let b = 615 - t. Is b a composite number?
False
Is 157266/10 - (-192)/480 a composite number?
False
Let y = -30 + -2. Let l = y + 151. Is l composite?
True
Let r be (-9)/(-6) + 50473/(-2). Is r/(-21) - (10/6 - 1) a composite number?
False
Suppose -86*t + 551367 + 2152043 = 0. Is t a composite number?
True
Suppose 5*t = 2*d + 421, 347 = -3*t + 7*t - 5*d. Is t a composite number?
False
Let j(c) = 1278*c - 14. Let k be j(6). Suppose -6*l = 136 - k. Is l prime?
False
Let w(r) = -3*r + 17. Let z be w(5). Suppose 0 = -2*d + z*x + x + 1118, -5*d + x + 2808 = 0. Is d composite?
True
Let v(h) = 9*h - 7. Let m be v(4). Suppose -l + 2*x + 3 = 0, 5*l + 0*l = -4*x + m. Suppose l*i + 23 = 93. Is i composite?
True
Suppose 0 = z + 243 - 722. Is z a composite number?
False
Suppose 219*k - 216*k = 5*g - 38242, -2*g = -5*k - 15293. Is g prime?
True
Suppose 0 = -2*j + 5*j - 9. Suppose -j*x + 12 = 0, 6*x - 3*x + 2148 = 4*v. Let u = v + -61. Is u a composite number?
False
Suppose f - 2*s + 1 = -1, 2*f + 5*s - 5 = 0. Suppose -b + 146 = -p, f*b + 5*b = 0. Let v = -19 - p. Is v a composite number?
False
Let m = -192 + 277. Suppose -4*t = -3*c + m, -2*c = -0*t + t - 42. Is c prime?
True
Is (6/9)/(789152/394563 - 2) a composite number?
True
Suppose -7*o + 104504 + 11143 = 0. Is o a prime number?
False
Let z(b) = -2187*b - 47. Is z(-2) a prime number?
True
Let s = 826 + 27. Is s a prime number?
True
Suppose -10*y = -6*y. Suppose -5*q - 2495 + 9435 = y. Suppose 22*u + q = 26*u. Is u composite?
False
Suppose 6*k - 74 = 16. Let m = k + -15. Suppose m = 2*n - 188 - 1038. Is n a prime number?
True
Suppose 77 = 3*v - 2*i, -4*v + 2*i = -2*i - 108. Suppose 2*t = -t. Suppose t*d = d - v. Is d prime?
True
Suppose -2*u - 9 = -13. Suppose 120 = u*w - 0*w. Let a = w + -27. Is a composite?
True
Let m = -18 + 22. Let j(y) = 21*y**3 - 6*y + 4. Let i be j(m). Suppo